 tens digit of 205541?
4
What is the tens digit of 46641?
4
What is the hundreds digit of 762933?
9
What is the hundreds digit of 2530922?
9
What is the millions digit of 16518149?
6
What is the hundred thousands digit of 622348?
6
What is the thousands digit of 136676?
6
What is the millions digit of 7819312?
7
What is the tens digit of 164513?
1
What is the units digit of 297314?
4
What is the units digit of 324344?
4
What is the units digit of 1922296?
6
What is the tens digit of 2390422?
2
What is the ten thousands digit of 1468786?
6
What is the hundred thousands digit of 5028843?
0
What is the ten thousands digit of 1282238?
8
What is the units digit of 1256234?
4
What is the units digit of 109084?
4
What is the units digit of 10319640?
0
What is the hundred thousands digit of 793848?
7
What is the ten millions digit of 15203321?
1
What is the tens digit of 415315?
1
What is the thousands digit of 11183575?
3
What is the thousands digit of 212093?
2
What is the ten thousands digit of 56932?
5
What is the millions digit of 2599995?
2
What is the units digit of 156897?
7
What is the ten millions digit of 18103757?
1
What is the thousands digit of 76421?
6
What is the ten thousands digit of 6786203?
8
What is the hundred thousands digit of 257645?
2
What is the thousands digit of 94999?
4
What is the thousands digit of 463693?
3
What is the hundreds digit of 131259?
2
What is the thousands digit of 889948?
9
What is the ten millions digit of 25793120?
2
What is the units digit of 3645606?
6
What is the ten thousands digit of 3425910?
2
What is the units digit of 6438600?
0
What is the hundred thousands digit of 5200621?
2
What is the units digit of 171640?
0
What is the hundreds digit of 453437?
4
What is the ten thousands digit of 3226089?
2
What is the thousands digit of 49508?
9
What is the ten thousands digit of 1262471?
6
What is the hundreds digit of 2006795?
7
What is the tens digit of 127833?
3
What is the hundreds digit of 241632?
6
What is the hundreds digit of 145806?
8
What is the hundred thousands digit of 4734648?
7
What is the ten thousands digit of 9195117?
9
What is the hundred thousands digit of 14070895?
0
What is the tens digit of 6396552?
5
What is the units digit of 369612?
2
What is the ten thousands digit of 2327308?
2
What is the tens digit of 38514471?
7
What is the units digit of 89249?
9
What is the hundred thousands digit of 362040?
3
What is the hundreds digit of 2394441?
4
What is the ten thousands digit of 1402511?
0
What is the thousands digit of 289615?
9
What is the tens digit of 3055184?
8
What is the ten thousands digit of 5428127?
2
What is the hundred thousands digit of 24623820?
6
What is the millions digit of 3444288?
3
What is the hundred thousands digit of 24822522?
8
What is the thousands digit of 1301612?
1
What is the millions digit of 5701461?
5
What is the thousands digit of 455582?
5
What is the hundreds digit of 315701?
7
What is the thousands digit of 424285?
4
What is the tens digit of 101519?
1
What is the units digit of 17664106?
6
What is the hundreds digit of 356830?
8
What is the units digit of 25824271?
1
What is the tens digit of 449087?
8
What is the ten millions digit of 26901268?
2
What is the ten thousands digit of 382492?
8
What is the hundred thousands digit of 494776?
4
What is the thousands digit of 929339?
9
What is the thousands digit of 582736?
2
What is the hundred thousands digit of 3481774?
4
What is the ten millions digit of 12880530?
1
What is the hundred thousands digit of 620591?
6
What is the units digit of 486299?
9
What is the hundreds digit of 736458?
4
What is the hundred thousands digit of 230433?
2
What is the ten thousands digit of 1339834?
3
What is the hundreds digit of 3418211?
2
What is the hundreds digit of 272798?
7
What is the ten thousands digit of 365539?
6
What is the hundred thousands digit of 8221343?
2
What is the ten thousands digit of 744925?
4
What is the thousands digit of 8799559?
9
What is the hundreds digit of 1078508?
5
What is the millions digit of 3133032?
3
What is the ten millions digit of 26748296?
2
What is the units digit of 660916?
6
What is the hundreds digit of 378917?
9
What is the ten thousands digit of 88781?
8
What is the hundred thousands digit of 156667?
1
What is the tens digit of 2540761?
6
What is the ten thousands digit of 16734902?
3
What is the millions digit of 3247748?
3
What is the ten thousands digit of 37308?
3
What is the tens digit of 243361?
6
What is the hundred thousands digit of 270103?
2
What is the hundreds digit of 49582?
5
What is the ten thousands digit of 6646655?
4
What is the hundred thousands digit of 145347?
1
What is the tens digit of 431240?
4
What is the ten thousands digit of 17918320?
1
What is the tens digit of 64119?
1
What is the hundreds digit of 649244?
2
What is the hundreds digit of 2641492?
4
What is the units digit of 720401?
1
What is the ten thousands digit of 10749989?
4
What is the units digit of 239518?
8
What is the units digit of 424101?
1
What is the hundred thousands digit of 566703?
5
What is the ten thousands digit of 76361?
7
What is the hundreds digit of 478565?
5
What is the tens digit of 5042264?
6
What is the thousands digit of 343682?
3
What is the units digit of 397434?
4
What is the ten thousands digit of 866617?
6
What is the hundred thousands digit of 8482731?
4
What is the units digit of 439031?
1
What is the hundreds digit of 34739?
7
What is the tens digit of 3135608?
0
What is the hundreds digit of 50848?
8
What is the hundred thousands digit of 5658086?
6
What is the hundred thousands digit of 1092096?
0
What is the hundreds digit of 30142?
1
What is the ten thousands digit of 68939?
6
What is the hundreds digit of 246782?
7
What is the hundreds digit of 13275?
2
What is the ten thousands digit of 2455527?
5
What is the thousands digit of 551808?
1
What is the ten thousands digit of 1421004?
2
What is the ten thousands digit of 703749?
0
What is the tens digit of 12579?
7
What is the tens digit of 525944?
4
What is the thousands digit of 3259802?
9
What is the units digit of 1524189?
9
What is the tens digit of 135436?
3
What is the tens digit of 21654409?
0
What is the thousands digit of 10294853?
4
What is the hundred thousands digit of 1241348?
2
What is the ten thousands digit of 905166?
0
What is the thousands digit of 611000?
1
What is the units digit of 119811?
1
What is the millions digit of 1063193?
1
What is the ten thousands digit of 165773?
6
What is the hundreds digit of 1717283?
2
What is the tens digit of 209421?
2
What is the millions digit of 4043044?
4
What is the units digit of 1193537?
7
What is the thousands digit of 149608?
9
What is the hundred thousands digit of 4292742?
2
What is the units digit of 542735?
5
What is the ten thousands digit of 22314?
2
What is the thousands digit of 135588?
5
What is the hundreds digit of 143530?
5
What is the hundreds digit of 5176631?
6
What is the hundreds digit of 3316?
3
What is the ten thousands digit of 75627?
7
What is the thousands digit of 430540?
0
What is the hundreds digit of 30100?
1
What is the hundred thousands digit of 6818256?
8
What is the hundred thousands digit of 151653?
1
What is the tens digit of 52707?
0
What is the ten millions digit of 22204193?
2
What is the units digit of 166987?
7
What is the millions digit of 4812027?
4
What is the ten thousands digit of 15730758?
3
What is the units digit of 87308?
8
What is the ten thousands digit of 2934666?
3
What is the ten thousands digit of 16816997?
1
What is the ten thousands digit of 1167950?
6
What is the hundred thousands digit of 2538964?
5
What is the thousands digit of 172937?
2
What is the thousands digit of 2001881?
1
What is the thousands digit of 5096?
5
What is the thousands digit of 3581250?
1
What is the hundred thousands digit of 3482025?
4
What is the millions digit of 5521487?
5
What is the thousands digit of 276948?
6
What is the hundred thousands digit of 5061800?
0
What is the millions digit of 1856576?
1
What is the hundred thousands digit of 259829?
2
What is the thousands digit of 47029?
7
What is the tens digit of 1351612?
1
What is the tens digit of 990828?
2
What is the thousands digit of 5467038